*k - 83. Calculate the remainder when z is divided by 7.
5
Let g = -96 + 141. What is the remainder when 132 is divided by g?
42
Let x(s) = -s**2 + 7*s + 23. Let y be 6 - 1 - (0 + 0). Suppose 0 = y*i + 3*v - 223, -2*i - 2*v = -v - 89. Calculate the remainder when i is divided by x(7).
21
What is the remainder when 18 is divided by 2/4 - (-36)/8?
3
Suppose -11 = 2*c - 1. Let m(p) = 2 + 4 - p - 4. Calculate the remainder when 20 is divided by m(c).
6
Let x be 2/10 + (-834)/(-30). Suppose -5*d = -3*u + x, -8 = -u - 0*u + d. Suppose o = -o + u. What is the remainder when 10 is divided by o?
1
Let b = -8 + 58. Suppose 0 = 6*r - r - b. Calculate the remainder when r is divided by 4.
2
Let v be 0 - 0 - 3*-15. Suppose v + 55 = 5*f. Calculate the remainder when (-4)/10 - 292/(-5) is divided by f.
18
Let v be (-3)/(2 - (-9)/(-3)). Let k = v + 15. Let w = k + 2. Calculate the remainder when w is divided by 7.
6
Let i(p) = -p**2 + 13*p. Let r be i(8). Suppose 0*q - 2*q - r = 0. Let y = q - -31. What is the remainder when 31 is divided by y?
9
Let x(z) = 2*z + 10. What is the remainder when x(4) is divided by 5?
3
Let u(r) = r**3 + r**2 - 2*r - 1. What is the remainder when 40 is divided by u(2)?
5
Suppose -4*c - 135 = -9*c. What is the remainder when c is divided by (2 - 3)/((-7)/392*4)?
13
Suppose 0*h - h - 1 = -2*r, 0 = -r + 2. Calculate the remainder when h is divided by ((-1)/7)/(2/84*-6).
0
Suppose 0*f - 5*f + 3 = 3*p, -4*f + 4 = 2*p. Let r = 64 + -57. Calculate the remainder when r is divided by f.
1
Let h(n) = -48*n. Let v be h(-1). Suppose 2*p = -6, -r + p = -4*p - v. Calculate the remainder when r is divided by 17.
16
Suppose 2*n - 6 = 4*n, 4*t - 4*n = 80. Calculate the remainder when 18 is divided by t.
1
Suppose -f + 22 = 2*u, 0 = -2*f - 11 + 3. Suppose -y + 19 = -u. What is the remainder when (0 - -2)*-1 + y is divided by 16?
14
Let i be -1*-10*(-1)/(-2). Let w(n) = 3*n - 7. What is the remainder when 22 is divided by w(i)?
6
Let z be ((-1)/3)/(21/(-441)). Suppose z*q = 2*q + 70. Calculate the remainder when q is divided by 5.
4
Suppose 54 = 2*q - 4*a, 0 = -3*q + 4*q + 3*a - 2. Calculate the remainder when q is divided by 6.
5
Let x(z) = -6*z + 7. Let f be x(-7). What is the remainder when 19 is divided by (f/14)/((-1)/(-2))?
5
Suppose -q - 4*x + 16 = 0, q + 0*q = -2*x + 10. Suppose -q*g - 4 = -0*g. Calculate the remainder when 28 is divided by (10*(-2 - g))/(-1).
8
Suppose 4*j - 2*a + 62 = 0, j + a + 15 = 2*a. Let d = 28 + j. Calculate the remainder when 47 is divided by d.
11
Suppose -3*n + 7 = -200. Let m = 337 - 319. What is the remainder when n is divided by m?
15
Suppose 2*n = 233 - 155. Let u = 9 - 5. Suppose 0 = l + 4, -u*d - 7*l = -3*l - 24. What is the remainder when n is divided by d?
9
Let q(r) be the second derivative of r**3 - r**2 - 19*r. Let j be 1 - 0 - (0 - 1). What is the remainder when 27 is divided by q(j)?
7
Let o be 2/(-2) + 18/3. Suppose 44 = o*t + 4. What is the remainder when 22 is divided by t?
6
Suppose -5*t - l + 5*l + 6 = 0, 5 = 2*t + l. Suppose -3*b = -t*h - 35, -20 = -2*b - 0*h - 2*h. What is the remainder when 42 is divided by b?
9
Suppose -2*f + h + 11 = 0, f - 5*f - 3*h + 27 = 0. Suppose 5*g + 8 = 83. Calculate the remainder when g is divided by f.
3
Let m(i) = 3*i + 9. Suppose 8 + 6 = 2*x. Let j(r) = -3*r**3 - r**2 + 2*r. Calculate the remainder when m(x) is divided by j(-2).
14
Let s(x) = x**2 - 3*x - 9. What is the remainder when s(11) is divided by 20?
19
Let w(t) = -t + 7. Let j be w(7). Suppose j = 4*a + a - 55. Suppose a = 5*h - 4. What is the remainder when 7 is divided by h?
1
Calculate the remainder when 127 is divided by ((-172)/(-10))/((-20)/(-50)).
41
Suppose m = 3*p - 32, 4*m - 6*m = -8. What is the remainder when (30/4)/(14/84) is divided by p?
9
Suppose 4*s = 2*q + 3*q - 16, 4*q + 12 = -3*s. Let z = q + 0. Suppose x + 0*x - 5 = z. What is the remainder when 8 is divided by x?
3
Let z(s) = s**2 - 7*s - 6. Let h(f) = -f - 1. Let c(a) = 2*a. Let x be c(-3). Calculate the remainder when h(x) is divided by z(8).
1
Let t(m) = -119*m - 2. Calculate the remainder when t(-1) is divided by 17.
15
Let f(a) = -a**3 + 10*a**2 - 7*a - 10. Let p be f(9). Let y(s) = -s**2 + 10*s. What is the remainder when 3/(-6) + 93/2 is divided by y(p)?
14
Let t = -29 - -47. What is the remainder when (-1)/((-210)/(-106) - 2) is divided by t?
17
Let f(k) = 4 + 1 - 2*k + 4*k - 3 + k**2. Calculate the remainder when 66 is divided by f(3).
15
Let u = 80 - 41. Let v = 64 - u. What is the remainder when v is divided by 7?
4
Suppose 2*r + s - 118 = 0, -5*r + 0*r + 310 = -5*s. Suppose -3*p = -0*p - r. What is the remainder when p is divided by 7?
6
Suppose -4*n - 6 = -106. Suppose -3*l + 15 = -4*i, 4*l - n + 5 = -i. Suppose 3 = -2*z + l*h - 8, h = 4*z - 23. What is the remainder when 13 is divided by z?
6
Let g(v) = v**2 - 9*v + 12. Let y(r) = -10*r - 1. Let b be y(-1). Calculate the remainder when 34 is divided by g(b).
10
Suppose -3*t - 5*j = t - 128, -4*j - 16 = 0. Calculate the remainder when t is divided by 10.
7
Let n(b) = b**2 - 2*b - 5. What is the remainder when -8*(21/(-6) + 0) is divided by n(5)?
8
Let a(x) be the third derivative of x**5/60 + x**4/12 - x**3 - 6*x**2. What is the remainder when 51 is divided by a(4)?
15
Let k = -22 + 24. Suppose k*a = 4*a - 126. What is the remainder when a is divided by 16?
15
Let h = 43 - 18. Calculate the remainder when h is divided by 14.
11
Let z be 3/9*1*15. Suppose -a = j - 6*a - 44, 0 = -a - z. Calculate the remainder when 36 is divided by j.
17
Let j = -30 - -41. What is the remainder when j is divided by 4?
3
Let w = 110 - 75. Calculate the remainder when 67 is divided by w.
32
Let j = -15 + 63. Let s = 32 + -14. Suppose 3*a = 57 + s. What is the remainder when j is divided by a?
23
Let r(p) = p**3 - 6*p**2 - 3*p + 3. Suppose -o + 16 = -6. Suppose -4*y = -2*y - o. What is the remainder when r(7) is divided by y?
9
Suppose -3*c = -7*c - 20, -2*c - 4 = 3*p. Suppose -13 = -p*q - 5*n + 15, -3*n = -2*q - 4. Calculate the remainder when 6 is divided by q.
2
Suppose -f + 15 = 4*f. Calculate the remainder when (-240)/(-36)*6/5 is divided by f.
2
Suppose -w + 36 = -0*w. Let i = w - 25. Calculate the remainder when i is divided by 6.
5
Let y = -16 - -18. Suppose 0 = 2*t - 3*k - k - 70, -y*k = 4*t - 180. Calculate the remainder when t is divided by 9.
7
Calculate the remainder when (-9)/(9/(-8))*2 is divided by 7.
2
Suppose 2*m - 3*s = 11, -m - 3*s + 4*s = -4. Suppose i = 2*i - 2. What is the remainder when i/(-1) - (-21)/m is divided by 7?
5
What is the remainder when 53 is divided by (-772)/(-52) + (-8)/(-52)?
8
Let m(a) = a**2 + 2*a - 2. Let d be m(-4). Let j = d + 25. What is the remainder when j is divided by 16?
15
Let g = -56 - -103. Let z(n) = n**3 - 13*n**2 + 12*n. Let t be z(12). Suppose t = -2*q - 2*q + 48. What is the remainder when g is divided by q?
11
Let h be ((-4)/(-6))/((-1)/(-339)). Suppose -169 = -5*v + h. Calculate the remainder when v is divided by 27.
25
Suppose 5 - 77 = 3*x. Let p = x + 35. Calculate the remainder when 41 is divided by p.
8
Suppose 0 = 2*i + 8 - 12. Let n = i - -2. What is the remainder when 7 is divided by n?
3
Calculate the remainder when 48 is divided by (-2 - 32)/((-10)/5).
14
Suppose 7*i - 4*i - 12 = 0. Calculate the remainder when 10 is divided by i.
2
What is the remainder when (43/(-2))/(3/(-24)) is divided by 29?
27
Let q = 98 - -3. What is the remainder when q is divided by 26?
23
Let r(k) = k - 3. Let v be r(8). Suppose -2*a = -w + 87, -v*w - 2*a = a - 396. What is the remainder when w is divided by 14?
11
Let x = -8 + 15. Let g be 16/(-7) - (-14)/49. Let n(r) = -2*r**3 - r**2. Calculate the remainder when n(g) is divided by x.
5
Calculate the remainder when 35 is divided by (-169)/(-9) - 4/(-18).
16
Suppose -3*u - b + 110 = 0, -2*b + 73 = 4*u - 75. Calculate the remainder when u is divided by 13.
10
Let l(u) = u + 1. Let w(f) = 7*f - 5. Let s(z) = 5*l(z) - w(z). Calculate the remainder when s(-8) is divided by 9*(0 - (-1 - 0)).
8
Let u(i) = 2*i**2 - 4*i + 4. What is the remainder when u(-4) is divided by 9?
7
Suppose -9*o + 154 = 2*o. Calculate the remainder when o is divided by 11.
3
Calculate the remainder when 9 is divided by 